413.
2, 3, 23
What are the prime factors of 3 + (758121/21 - -13)?
3, 4013
Suppose 0 = -4*m - 2*t + 126766 - 17302, 4*m - 109470 = -t. What are the prime factors of m?
3, 3041
Let j = -178 + 129. Suppose 4*p - 272 = -0*p. Let y = j + p. What are the prime factors of y?
19
What are the prime factors of (-6)/(-16) - ((-1817784)/192 + -20)?
2, 593
Let k = -16207 + 29448. What are the prime factors of k?
13241
List the prime factors of (-16)/(-192) + (3 - (-72646)/24).
2, 3, 5, 101
Let l be (-3 + 58 - 4)*20. Suppose -2*j = -2*q + l, 0*q - 505 = -q + 2*j. What are the prime factors of q?
5, 103
Let y = 35 - -2. Suppose -y = 2*n - 41. Suppose 0 = -n*x - 27 + 185. What are the prime factors of x?
79
Let j(p) = -10*p - 39. Let b(m) = m + 1. Let u(k) = 5*b(k) + j(k). Let f be u(-9). Suppose 0 = -f*h + 1531 + 713. What are the prime factors of h?
2, 3, 17
Suppose 46*k + 11 = 103. Suppose -1744 = -k*j + 2*m, m - 5*m = j - 872. List the prime factors of j.
2, 109
Suppose 2*b = -s + 3*s + 148, 3*s = -2*b + 153. Suppose -18*f = -23*f + b. Suppose -f*n = -11*n - 72. List the prime factors of n.
2, 3
Let s = -2852 + 3682. List the prime factors of s.
2, 5, 83
What are the prime factors of (-1931790)/60*16/(-28)?
2, 9199
What are the prime factors of (210/(-245))/((-7)/98588)?
2, 3, 503
Let y be 1*(-2 + 1) - (-38940)/66. Let o = y + -403. List the prime factors of o.
2, 3, 31
Let b = 61604 + -25276. What are the prime factors of b?
2, 19, 239
Suppose -111155 = 31*c - 565336. What are the prime factors of c?
7, 13, 23
Suppose 4*x - 41981 = -3*b + 17274, -4*x - 4*b + 59260 = 0. List the prime factors of x.
2, 5, 1481
Let j = 159 - 111. What are the prime factors of (-2664)/j*(-82)/3?
37, 41
Suppose -5*g = 3*p - 22, 2*p + p = 12. Let u(v) = -6*v**2 + 5*v**2 - 5 + g - 20*v + 3*v. List the prime factors of u(-7).
67
Suppose -2*k = 2*f - 2790, -2*k + 4*f = 7*f - 2789. What are the prime factors of k?
2, 349
Let u(x) be the first derivative of -x**4/4 + 22*x**3/3 - 35*x**2/2 - 19*x + 71. What are the prime factors of u(18)?
647
Let i = 9277 - -2837. What are the prime factors of i?
2, 3, 673
Let g = 181 - -289. Suppose -g*o + 468*o = -1746. List the prime factors of o.
3, 97
Suppose 0 = -4*y - 0*r + 6*r + 22514, -2*r - 14 = 0. What are the prime factors of y?
2, 53
Suppose m + 2 = -t, -3*m + 1 = -5*m - 3*t. List the prime factors of 124 + m - 10/(-5) - -1.
2, 61
Suppose 3*i - k = -30 - 11, 60 = -4*i + 4*k. What are the prime factors of (4 + i/3)*-1*1158?
2, 193
Let u(m) = 4*m**2 + 17*m - 10. Let z be u(-5). Suppose z*l + 5*n - 1980 = 0, 0 = 5*l - 3*n - 1498 - 474. What are the prime factors of l?
5, 79
Let c = -2246 - -4432. List the prime factors of c.
2, 1093
Let k = 1678 - 257. Let b = 2205 - k. Suppose -7*l = l - b. List the prime factors of l.
2, 7
Suppose 2*v - 3370 + 169 = -i, -8 = -2*v. List the prime factors of i.
31, 103
Let z(r) = r**3 + 8*r**2 + 8*r + 7. Let y be z(-7). Let f(n) = 12*n**2 + n**3 - 45*n + 45*n - 11*n**2 + 13. List the prime factors of f(y).
13
Let z(v) = 43*v**2 - 2*v - 23. Let w be z(-4). Suppose 0 = -5*y + w + 447. List the prime factors of y.
2, 7
Let k(q) = -147*q + 4680. List the prime factors of k(0).
2, 3, 5, 13
Let k(a) = 28*a - 30. Let l be k(4). Let f = l + -77. Suppose j + 3*j = -u + 102, f*u - 430 = -4*j. List the prime factors of u.
2, 41
Suppose 3*q = 5*x + 73800, 5*q = 10*x - 9*x + 122978. List the prime factors of q.
5, 4919
Suppose j - 3*j = -270. Suppose 0 = -2*f - 417 + 813. Let c = f - j. What are the prime factors of c?
3, 7
Let z be (-2)/(0 - (-2)/11). Let k(v) = -107*v + 50. Let w(q) = -118*q + 50. Let l(a) = 9*k(a) - 8*w(a). List the prime factors of l(z).
7, 37
Let p(n) = -n**2 - 22*n + 243. Let i be p(-30). Suppose 4309 = 4*t + x, 4*t - i*x = 193 + 4128. List the prime factors of t.
2, 7, 11
Let t = 142 + 122. Let p = 443 - t. List the prime factors of p.
179
Let r = -99287 + 151478. List the prime factors of r.
3, 1933
What are the prime factors of -4*1/138*-3 + (-210990)/(-138)?
11, 139
Let o = 106270 + -34862. What are the prime factors of o?
2, 4463
Let p(d) be the first derivative of 18 - 1/4*d**4 + 9/2*d**2 + 34*d + 4*d**3. List the prime factors of p(12).
2, 71
Suppose 0 = 3*f - 5*d - 528, f - 6*f + 880 = -4*d. Suppose f - 1920 = -2*h. List the prime factors of h.
2, 109
Let s(f) = 299*f**2 + 114*f + 4. What are the prime factors of s(8)?
2, 3, 557
Let j = 13290 - 1349. List the prime factors of j.
11941
Let d(q) = -381*q - 5 - 7 + 1. List the prime factors of d(-1).
2, 5, 37
Let o(j) = -3*j + 32. Let p be o(6). Let n be (-13)/2 + (49/p - 4). List the prime factors of 82*1 + 1 + n + 8.
2, 3, 7
Suppose 3386*x = 3335*x + 338793. What are the prime factors of x?
7, 13, 73
Let x = 193 + -184. Let l = x - -104. What are the prime factors of l?
113
Let q(r) = 13*r + 7. Let a be q(8). Let m = 137 - -88. Let d = m - a. What are the prime factors of d?
2, 3, 19
Suppose -12*n + 14377 = -4547. Suppose 19*k - 14915 + n = 0. List the prime factors of k.
2, 3, 13
Let f = 22 - 14. Suppose f*n - 7*n = -1. What are the prime factors of (-1)/2 - n - (-2925)/18?
163
Let m be (-6)/9 + 273/(-9). Let q = m - -41. What are the prime factors of (368/10 - 2)/(3/q)?
2, 29
Let r be (-2)/8 + 4/((-64)/(-68)). Suppose -12 = -3*y - r*s, 0 = 3*y + s - 3*s - 12. Suppose y*b - 30 - 6 = 0. What are the prime factors of b?
3
Let p(z) = -3*z**3 + 2*z + 4 - 5*z**2 + 0*z**3 - 5*z**3 - z. Let f be p(-4). Suppose -f = -10*r + 748. List the prime factors of r.
2, 59
Let a = 74072 - 41201. List the prime factors of a.
3, 10957
Let y be (-1 - (-16)/6) + (-14)/(-42). Suppose 4*m + 5*g = 3989, 0 = -3*g + g + y. What are the prime factors of m?
2, 3, 83
Suppose -4128 = 34*s - 28*s. What are the prime factors of 1*s/12*(-456)/32?
19, 43
Suppose 5*h = 2*c - 4*c + 601, -5*c = -5*h + 615. Let t = h - -27. List the prime factors of t.
2, 37
Suppose 17*g + 8631 - 20451 = 13034. List the prime factors of g.
2, 17, 43
Suppose 9*i - 4*i = 2*q + 125, 2*i + 3*q = 31. Let l = -20 + i. Suppose k + 0*m - 90 = -l*m, 4*k + 5*m = 332. List the prime factors of k.
2, 3, 13
Let n = 1111 + 1837. What are the prime factors of n?
2, 11, 67
Let y be ((-4)/(-10) - 0) + (-104)/(-65). Suppose 10 = y*g - 0*g. Suppose 107 = g*v - 5*r + 12, 0 = 3*r - 9. What are the prime factors of v?
2, 11
Let p be 687/2*((-42)/18 - -5). Suppose -2*s = 4*v - 8*v + 1832, -2*v + p = -5*s. List the prime factors of v.
2, 229
Let i = 184 + -175. Let z(w) = 40*w + 36. List the prime factors of z(i).
2, 3, 11
Suppose 5*b + 2*f = 0, -2*b + 3*f + 25 = 3*b. Suppose -2*i - 9 = -x, i - b = 2*i. Suppose x*u = 364 + 176. List the prime factors of u.
2, 3
Suppose -4*y = 12 + 28. Let b(d) = d**2 + 11*d + 14. Let t be b(y). Suppose 658 = -t*w + 11*w. List the prime factors of w.
2, 47
Let n(u) be the second derivative of u**5/20 - 13*u**4/12 + 13*u**3/6 - 9*u**2/2 + u. Let g be n(12). What are the prime factors of g - (-84 - (0 - 1))?
2, 43
Let r be 510 + 4 + 4/(-4). Suppose k - 41 - 150 = 3*t, -3*k - 3*t = -r. Suppose -10*o + 2*o + k = 0. What are the prime factors of o?
2, 11
Suppose 41*j - 233323 + 29430 = 0. What are the prime factors of j?
4973
Suppose -10*n = -4*n - 18. Let o be n - -7*17 - 15/(-5). Suppose 0 = 3*z - 154 - o. What are the prime factors of z?
3, 31
List the prime factors of 7644*(-13 - (-12 - 2)).
2, 3, 7, 13
Let i(s) = -1984*s**3 - 3*s**2 - 10*s - 38. List the prime factors of i(-3).
17, 47, 67
Let r(i) = -4*i + 23. Let t be r(-7). Let n = 86 - 125. Let f = t + n. List the prime factors of f.
2, 3
Let d(l) = -5*l**3 - 4*l**2 - 12*l - 9. Let o be d(-4). Suppose -112 = i - o. List the prime factors of i.
3, 61
Let i = 46 - 46. Let v(n) = i + 7 + n + 38. What are the prime factors of v(10)?
5, 11
Let y(p) = -16*p - 2. Let q be y(3). Let n = -47 - q. Suppose 4*f - n*o - 200 = 0, -4*o = f + o - 73. List the prime factors of f.
53
Let u(a) = 95*a**3 + 3*a**2 - 4*a + 2. Let f(i) = -i**2 + 20*i + 47. Let w be f(22). Let y be (-3 + 15/6)/(w/(-6)). List the prime factors of u(y).
2, 3
Suppose 16 = -4*u + m + 303, 2*u - 148 = -4*m. Let n be (25 + -25)*(-2)/(-10). Suppose n = -s + u + 79. What are the prime factors of s?
151
Let v(t) = -25*t**3 + 5*t**2 + 25*t + 7. Let a(g) = 12*g**3 - 2*g**2 - 1